{"id":318,"date":"2016-10-31T14:20:44","date_gmt":"2016-10-31T17:20:44","guid":{"rendered":"https:\/\/isp19-sfe.infd.edu.ar\/sitio\/?page_id=318"},"modified":"2025-11-13T11:47:45","modified_gmt":"2025-11-13T14:47:45","slug":"contacto","status":"publish","type":"page","link":"https:\/\/isp19-sfe.infd.edu.ar\/sitio\/contacto\/","title":{"rendered":"CONTACTO"},"content":{"rendered":"\n<p><a name=\"principio\"><\/a><\/p>\n\n\n\n<h2 class=\"wp-block-heading\">Comun\u00edquese con nosotros<\/h2>\n\n\n\n<figure class=\"wp-block-image\"><img decoding=\"async\" loading=\"lazy\" width=\"150\" height=\"150\" src=\"https:\/\/isp19-sfe.infd.edu.ar\/sitio\/wp-content\/uploads\/2020\/03\/Contacto.jpg\" alt=\"\" class=\"wp-image-1205\"\/><\/figure>\n\n\n\n<p><strong>Personalmente:<\/strong> En Chacabuco 315 (El mismo edificio donde funciona por la ma\u00f1ana y tarde la Escuela 6031).<\/p>\n\n\n\n<p><img decoding=\"async\" loading=\"lazy\" class=\"alignnone wp-image-1518\" src=\"https:\/\/isp19-sfe.infd.edu.ar\/sitio\/wp-content\/uploads\/2020\/11\/logo-telefono-chico.png\" alt=\"\" width=\"40\" height=\"40\">&nbsp; 03382-420410 (en el horario del Instituto)<\/p>\n\n\n\n<p><img decoding=\"async\" loading=\"lazy\" class=\"alignnone wp-image-1519\" src=\"https:\/\/isp19-sfe.infd.edu.ar\/sitio\/wp-content\/uploads\/2020\/11\/Logo-gmail-chico.png\" alt=\"\" width=\"40\" height=\"40\">&nbsp; isp19.comunidad@gmail.com<\/p>\n\n\n\n<p><img decoding=\"async\" loading=\"lazy\" class=\"alignnone wp-image-1520\" src=\"https:\/\/isp19-sfe.infd.edu.ar\/sitio\/wp-content\/uploads\/2020\/11\/logo-facebook-chico.png\" alt=\"\" width=\"40\" height=\"40\">&nbsp; InstitutodiecinueveRufinoSantafe<\/p>\n\n\n\n<p><img decoding=\"async\" loading=\"lazy\" class=\"alignnone wp-image-1521\" src=\"https:\/\/isp19-sfe.infd.edu.ar\/sitio\/wp-content\/uploads\/2020\/11\/logo-instagram-chico.png\" alt=\"icono instagram\" width=\"40\" height=\"40\">&nbsp; Institutosuperior19<\/p>\n\n\n\n<p>Formularios de contacto:<\/p>\n\n\n\n<ul>\n<li>Para enviarnos sus consultas o sugerencias haga clic <a href=\"#consultas\">ac\u00e1<\/a>.<\/li>\n\n\n\n<li>Para realizar una preinscripci\u00f3n a las carreras haga clic <a href=\"#inscripcion\">ac\u00e1<\/a>.<\/li>\n<\/ul>\n\n\n\n<p><\/p>\n\n\n\n<hr class=\"wp-block-separator has-alpha-channel-opacity\"\/>\n\n\n\n<h2 class=\"wp-block-heading\" id=\"preinscripcion\">Formulario de Preinscripci\u00f3n a 1\u00ba a\u00f1o<\/h2>\n\n\n\n<p>El periodo de inscripci\u00f3n para comenzar los estudios en 2026 (1\u00ba a\u00f1o de carreras t\u00e9cnicas o profesorados) es desde el 22 de noviembre al 15 de diciembre de 2025 (1\u00ba Convocatoria).<\/p>\n\n\n\n<p><strong>(Ver m\u00e1s abajo la documentaci\u00f3n a presentar)<\/strong><\/p>\n\n\n\n<div class=\"wp-block-contact-form-7-contact-form-selector\">\n<div class=\"wpcf7 no-js\" id=\"wpcf7-f865-o1\" lang=\"es-ES\" dir=\"ltr\">\n<div class=\"screen-reader-response\"><p role=\"status\" aria-live=\"polite\" aria-atomic=\"true\"><\/p> <ul><\/ul><\/div>\n<form action=\"\/sitio\/wp-json\/wp\/v2\/pages\/318#wpcf7-f865-o1\" method=\"post\" class=\"wpcf7-form init\" aria-label=\"Formulario de contacto\" enctype=\"multipart\/form-data\" novalidate=\"novalidate\" data-status=\"init\">\n<div style=\"display: none;\">\n<input type=\"hidden\" name=\"_wpcf7\" value=\"865\" \/>\n<input type=\"hidden\" name=\"_wpcf7_version\" value=\"5.7.7\" \/>\n<input type=\"hidden\" name=\"_wpcf7_locale\" value=\"es_ES\" \/>\n<input type=\"hidden\" name=\"_wpcf7_unit_tag\" value=\"wpcf7-f865-o1\" \/>\n<input type=\"hidden\" name=\"_wpcf7_container_post\" value=\"0\" \/>\n<input type=\"hidden\" name=\"_wpcf7_posted_data_hash\" value=\"\" \/>\n<input type=\"hidden\" name=\"_wpcf7_recaptcha_response\" value=\"\" \/>\n<\/div>\n<p><label><b>* Apellidos <\/b><span class=\"wpcf7-form-control-wrap\" data-name=\"su-apellido\"><input size=\"40\" class=\"wpcf7-form-control wpcf7-text wpcf7-validates-as-required\" aria-required=\"true\" aria-invalid=\"false\" value=\"\" type=\"text\" name=\"su-apellido\" \/><\/span><\/label>\n<\/p>\n<p><label><b>* Nombres <\/b><span class=\"wpcf7-form-control-wrap\" data-name=\"su-nombre\"><input size=\"40\" class=\"wpcf7-form-control wpcf7-text wpcf7-validates-as-required\" aria-required=\"true\" aria-invalid=\"false\" value=\"\" type=\"text\" name=\"su-nombre\" \/><\/span><\/label>\n<\/p>\n<p><label><b>* Sexo <\/b><\/label><br \/>\n<span class=\"wpcf7-form-control-wrap\" data-name=\"Sexo\"><span class=\"wpcf7-form-control wpcf7-radio\"><span class=\"wpcf7-list-item first\"><label><input type=\"radio\" name=\"Sexo\" value=\"Femenino\" checked=\"checked\" \/><span class=\"wpcf7-list-item-label\">Femenino<\/span><\/label><\/span><span class=\"wpcf7-list-item last\"><label><input type=\"radio\" name=\"Sexo\" value=\"Masculino\" \/><span class=\"wpcf7-list-item-label\">Masculino<\/span><\/label><\/span><\/span><\/span>\n<\/p>\n<p><label><b>* Nacionalidad <\/b><span class=\"wpcf7-form-control-wrap\" data-name=\"su-nacionalidad\"><input size=\"40\" class=\"wpcf7-form-control wpcf7-text wpcf7-validates-as-required\" aria-required=\"true\" aria-invalid=\"false\" value=\"\" type=\"text\" name=\"su-nacionalidad\" \/><\/span><\/label>\n<\/p>\n<p><label><b>* Tipo de Documento <\/b><span class=\"wpcf7-form-control-wrap\" data-name=\"su-tipo-de-documento\"><input size=\"40\" class=\"wpcf7-form-control wpcf7-text wpcf7-validates-as-required\" aria-required=\"true\" aria-invalid=\"false\" value=\"\" type=\"text\" name=\"su-tipo-de-documento\" \/><\/span><\/label>\n<\/p>\n<p><label><b>* Nro.de Documento <\/b><span class=\"wpcf7-form-control-wrap\" data-name=\"su-nro-de-documento\"><input size=\"40\" class=\"wpcf7-form-control wpcf7-text wpcf7-validates-as-required\" aria-required=\"true\" aria-invalid=\"false\" value=\"\" type=\"text\" name=\"su-nro-de-documento\" \/><\/span><\/label>\n<\/p>\n<p><label><b>* Fecha de Nacimiento <\/b><span class=\"wpcf7-form-control-wrap\" data-name=\"su-fecha-de-nacimiento\"><input size=\"40\" class=\"wpcf7-form-control wpcf7-text wpcf7-validates-as-required\" aria-required=\"true\" aria-invalid=\"false\" value=\"\" type=\"text\" name=\"su-fecha-de-nacimiento\" \/><\/span><\/label>\n<\/p>\n<p><label><b>* Lugar de Nacimiento <\/b><span class=\"wpcf7-form-control-wrap\" data-name=\"su-lugar-de-nacimiento\"><input size=\"40\" class=\"wpcf7-form-control wpcf7-text wpcf7-validates-as-required\" aria-required=\"true\" aria-invalid=\"false\" value=\"\" type=\"text\" name=\"su-lugar-de-nacimiento\" \/><\/span><\/label>\n<\/p>\n<p><label><b>* Estado Civil <\/b><span class=\"wpcf7-form-control-wrap\" data-name=\"su-estado\"><input size=\"40\" class=\"wpcf7-form-control wpcf7-text wpcf7-validates-as-required\" aria-required=\"true\" aria-invalid=\"false\" value=\"\" type=\"text\" name=\"su-estado\" \/><\/span><\/label>\n<\/p>\n<p><label><b>* Domicilio <\/b><span class=\"wpcf7-form-control-wrap\" data-name=\"su-domicilio\"><input size=\"40\" class=\"wpcf7-form-control wpcf7-text wpcf7-validates-as-required\" aria-required=\"true\" aria-invalid=\"false\" value=\"\" type=\"text\" name=\"su-domicilio\" \/><\/span><\/label>\n<\/p>\n<p><label><b>* Localidad <\/b><span class=\"wpcf7-form-control-wrap\" data-name=\"su-localidad\"><input size=\"40\" class=\"wpcf7-form-control wpcf7-text wpcf7-validates-as-required\" aria-required=\"true\" aria-invalid=\"false\" value=\"\" type=\"text\" name=\"su-localidad\" \/><\/span><\/label>\n<\/p>\n<p><label><b>* C\u00f3digo Postal <\/b><span class=\"wpcf7-form-control-wrap\" data-name=\"su-codigo-postal\"><input size=\"40\" class=\"wpcf7-form-control wpcf7-text wpcf7-validates-as-required\" aria-required=\"true\" aria-invalid=\"false\" value=\"\" type=\"text\" name=\"su-codigo-postal\" \/><\/span><\/label>\n<\/p>\n<p><label><b>* Provincia <\/b><span class=\"wpcf7-form-control-wrap\" data-name=\"su-provincia\"><input size=\"40\" class=\"wpcf7-form-control wpcf7-text wpcf7-validates-as-required\" aria-required=\"true\" aria-invalid=\"false\" value=\"\" type=\"text\" name=\"su-provincia\" \/><\/span><\/label>\n<\/p>\n<p><label>Telefono Fijo <span class=\"wpcf7-form-control-wrap\" data-name=\"su-telefono-fijo\"><input size=\"40\" class=\"wpcf7-form-control wpcf7-text\" aria-invalid=\"false\" value=\"\" type=\"text\" name=\"su-telefono-fijo\" \/><\/span><\/label>\n<\/p>\n<p><label><b>* Celular <\/b><span class=\"wpcf7-form-control-wrap\" data-name=\"su-telefono-movil\"><input size=\"40\" class=\"wpcf7-form-control wpcf7-text wpcf7-validates-as-required\" aria-required=\"true\" aria-invalid=\"false\" value=\"\" type=\"text\" name=\"su-telefono-movil\" \/><\/span><\/label>\n<\/p>\n<p><label><b>* E-mail <\/b><span class=\"wpcf7-form-control-wrap\" data-name=\"su-e-mail\"><input size=\"40\" class=\"wpcf7-form-control wpcf7-text wpcf7-email wpcf7-validates-as-required wpcf7-validates-as-email\" aria-required=\"true\" aria-invalid=\"false\" value=\"\" type=\"email\" name=\"su-e-mail\" \/><\/span><\/label>\n<\/p>\n<p><label><b>* T\u00edtulo obtenido (o que obtendr\u00e1) en el secundario, por ejemplo: \"Bachiller en Econom\u00eda y Administraci\u00f3n\", \"T\u00e9cnico Agropecuario\":<br \/>\n<\/b><span class=\"wpcf7-form-control-wrap\" data-name=\"su-titulo\"><input size=\"40\" class=\"wpcf7-form-control wpcf7-text wpcf7-validates-as-required\" aria-required=\"true\" aria-invalid=\"false\" value=\"\" type=\"text\" name=\"su-titulo\" \/><\/span><\/label>\n<\/p>\n<p><label><b>* Colegio secundario (Si estudi\u00f3 en otra localidad indicar en cu\u00e1l y la provincia) <\/b><br \/>\nEjemplos: Colegio Superior N\u00ba 50, EESO N\u00ba 271, EETP N\u00ba 286, Ca\u00f1ada Seca (Buenos Aires)<br \/>\n<span class=\"wpcf7-form-control-wrap\" data-name=\"colegio\"><input size=\"40\" class=\"wpcf7-form-control wpcf7-text wpcf7-validates-as-required\" aria-required=\"true\" aria-invalid=\"false\" value=\"\" type=\"text\" name=\"colegio\" \/><\/span><\/label>\n<\/p>\n<p><label> Adeuda materias <span class=\"wpcf7-form-control-wrap\" data-name=\"adeuda\"><span class=\"wpcf7-form-control wpcf7-checkbox\"><span class=\"wpcf7-list-item first last\"><input type=\"checkbox\" name=\"adeuda[]\" value=\"\" \/><span class=\"wpcf7-list-item-label\"><\/span><\/span><\/span><\/span><\/label>\n<\/p>\n<p><label> Materias que adeuda <span class=\"wpcf7-form-control-wrap\" data-name=\"materias\"><input size=\"40\" class=\"wpcf7-form-control wpcf7-text\" aria-invalid=\"false\" value=\"\" type=\"text\" name=\"materias\" \/><\/span><\/label>\n<\/p>\n<p><label><b>* \u00bfEn qu\u00e9 carrera se inscribe? <\/b><\/label>\n<\/p>\n<p><span class=\"wpcf7-form-control-wrap\" data-name=\"Carrera\"><select class=\"wpcf7-form-control wpcf7-select wpcf7-validates-as-required\" aria-required=\"true\" aria-invalid=\"false\" name=\"Carrera\"><option value=\"T\u00e9c. Superior en Alimentos\" selected=\"selected\">T\u00e9c. Superior en Alimentos<\/option><option value=\"Prof. de Educaci\u00f3n Primaria\">Prof. de Educaci\u00f3n Primaria<\/option><option value=\"Prof. de Educ. Secundaria en Biolog\u00eda\">Prof. de Educ. Secundaria en Biolog\u00eda<\/option><option value=\"Prof. de Educ. Secundaria en Historia\">Prof. de Educ. Secundaria en Historia<\/option><\/select><\/span>\n<\/p>\n<p><label>Use los botones para adjuntar documentaci\u00f3n (si no son suficientes use un formulario de consulta para el resto)<br \/>\n(formatos permitidos: jpg, jpeg, png, gif, pdf, doc, docx)<br \/>\n<span class=\"wpcf7-form-control-wrap\" data-name=\"su-archivo\"><input size=\"40\" class=\"wpcf7-form-control wpcf7-file\" accept=\".jpg,.jpeg,.png,.gif,.pdf,.doc,.docx,.txt\" aria-invalid=\"false\" type=\"file\" name=\"su-archivo\" \/><\/span><br \/>\n<span class=\"wpcf7-form-control-wrap\" data-name=\"su-archivo2\"><input size=\"40\" class=\"wpcf7-form-control wpcf7-file\" accept=\".jpg,.jpeg,.png,.gif,.pdf,.doc,.docx,.txt\" aria-invalid=\"false\" type=\"file\" name=\"su-archivo2\" \/><\/span><br \/>\n<span class=\"wpcf7-form-control-wrap\" data-name=\"su-archivo3\"><input size=\"40\" class=\"wpcf7-form-control wpcf7-file\" accept=\".jpg,.jpeg,.png,.gif,.pdf,.doc,.docx,.txt\" aria-invalid=\"false\" type=\"file\" name=\"su-archivo3\" \/><\/span><br \/>\n<label>Observaciones<br \/>\n<span class=\"wpcf7-form-control-wrap\" data-name=\"su-observacion\"><textarea cols=\"40\" rows=\"10\" class=\"wpcf7-form-control wpcf7-textarea\" aria-invalid=\"false\" name=\"su-observacion\"><\/textarea><\/span><\/label><br \/>\n<\/label>\n<\/p>\n<p>(*) Los campos son obligatorios.\n<\/p>\n\n<p><input class=\"wpcf7-form-control has-spinner wpcf7-submit\" type=\"submit\" value=\"Enviar\" \/>\n<\/p><p style=\"display: none !important;\"><label>&#916;<textarea name=\"_wpcf7_ak_hp_textarea\" cols=\"45\" rows=\"8\" maxlength=\"100\"><\/textarea><\/label><input type=\"hidden\" id=\"ak_js_1\" name=\"_wpcf7_ak_js\" value=\"61\"\/><script>document.getElementById( \"ak_js_1\" ).setAttribute( \"value\", ( new Date() ).getTime() );<\/script><\/p><div class=\"wpcf7-response-output\" aria-hidden=\"true\"><\/div>\n<\/form>\n<\/div>\n<\/div>\n\n\n\n<h3 class=\"wp-block-heading\">Documentaci\u00f3n a adjuntar (como imagen o pdf)<\/h3>\n\n\n\n<p>Para agilizar el tr\u00e1mite, puede enviarla ahora. Sino debe alcanzarla a la brevedad al Instituto, en el horario de 19 a 22 Hs.<\/p>\n\n\n\n<ul>\n<li>Copia escaneada del DNI (ambos lados).<\/li>\n\n\n\n<li>Copia escaneada de T\u00edtulo Secundario o Certificado de T\u00edtulo en Tr\u00e1mite.<\/li>\n<\/ul>\n\n\n\n<h3 class=\"wp-block-heading\">Documentaci\u00f3n a presentar (llevar al Instituto)<\/h3>\n\n\n\n<ul>\n<li>Fotocopia autenticada de la Partida de Nacimiento.<\/li>\n\n\n\n<li>Certificado de buena salud psicof\u00edsica.<\/li>\n\n\n\n<li>2 fotos 4&#215;4.<\/li>\n<\/ul>\n\n\n\n<p><a href=\"#principio\">Volver arriba<\/a><br><a name=\"consultas\"><\/a><\/p>\n\n\n\n<h2 class=\"wp-block-heading\">Formulario de consultas o sugerencias<\/h2>\n\n\n\n<div class=\"wp-block-contact-form-7-contact-form-selector\">\n<div class=\"wpcf7 no-js\" id=\"wpcf7-f57-o2\" lang=\"es-ES\" dir=\"ltr\">\n<div class=\"screen-reader-response\"><p role=\"status\" aria-live=\"polite\" aria-atomic=\"true\"><\/p> <ul><\/ul><\/div>\n<form action=\"\/sitio\/wp-json\/wp\/v2\/pages\/318#wpcf7-f57-o2\" method=\"post\" class=\"wpcf7-form init\" aria-label=\"Formulario de contacto\" enctype=\"multipart\/form-data\" novalidate=\"novalidate\" data-status=\"init\">\n<div style=\"display: none;\">\n<input type=\"hidden\" name=\"_wpcf7\" value=\"57\" \/>\n<input type=\"hidden\" name=\"_wpcf7_version\" value=\"5.7.7\" \/>\n<input type=\"hidden\" name=\"_wpcf7_locale\" value=\"es_ES\" \/>\n<input type=\"hidden\" name=\"_wpcf7_unit_tag\" value=\"wpcf7-f57-o2\" \/>\n<input type=\"hidden\" name=\"_wpcf7_container_post\" value=\"0\" \/>\n<input type=\"hidden\" name=\"_wpcf7_posted_data_hash\" value=\"\" \/>\n<input type=\"hidden\" name=\"_wpcf7_recaptcha_response\" value=\"\" \/>\n<\/div>\n<p><label><b>* Nombres<\/b><br \/>\n<span class=\"wpcf7-form-control-wrap\" data-name=\"tu-nombre\"><input size=\"40\" class=\"wpcf7-form-control wpcf7-text wpcf7-validates-as-required\" aria-required=\"true\" aria-invalid=\"false\" value=\"\" type=\"text\" name=\"tu-nombre\" \/><\/span><\/label><br \/>\n<label><b>* Apellidos<\/b><br \/>\n<span class=\"wpcf7-form-control-wrap\" data-name=\"tu-apellido\"><input size=\"40\" class=\"wpcf7-form-control wpcf7-text wpcf7-validates-as-required\" aria-required=\"true\" aria-invalid=\"false\" value=\"\" type=\"text\" name=\"tu-apellido\" \/><\/span><\/label><br \/>\n<label><b>* E-mail<\/b><br \/>\n<span class=\"wpcf7-form-control-wrap\" data-name=\"tu-e-mail\"><input size=\"40\" class=\"wpcf7-form-control wpcf7-text wpcf7-email wpcf7-validates-as-required wpcf7-validates-as-email\" aria-required=\"true\" aria-invalid=\"false\" value=\"\" type=\"email\" name=\"tu-e-mail\" \/><\/span><\/label><br \/>\n<label><b> Tel\u00e9fono<\/b><br \/>\n<span class=\"wpcf7-form-control-wrap\" data-name=\"tu-telefono\"><input size=\"40\" class=\"wpcf7-form-control wpcf7-text\" aria-invalid=\"false\" value=\"\" type=\"text\" name=\"tu-telefono\" \/><\/span><\/label><br \/>\n<label>*Asunto<br \/>\n<span class=\"wpcf7-form-control-wrap\" data-name=\"tu-asunto\"><input size=\"40\" class=\"wpcf7-form-control wpcf7-text\" aria-invalid=\"false\" value=\"\" type=\"text\" name=\"tu-asunto\" \/><\/span><\/label><br \/>\n<label><b>* Comentarios o sugerencias<\/b><br \/>\n<span class=\"wpcf7-form-control-wrap\" data-name=\"tu-sugerencias\"><textarea cols=\"40\" rows=\"10\" class=\"wpcf7-form-control wpcf7-textarea wpcf7-validates-as-required\" aria-required=\"true\" aria-invalid=\"false\" name=\"tu-sugerencias\"><\/textarea><\/span><\/label>\n<\/p>\n<p><label>Puede adjuntar hasta 5 im\u00e1genes o documentos<br \/>\n(formatos permitidos: jpg, jpeg, png, gif, pdf, doc, docx)<br \/>\n<span class=\"wpcf7-form-control-wrap\" data-name=\"tu-archivo1\"><input size=\"40\" class=\"wpcf7-form-control wpcf7-file\" accept=\".jpg,.jpeg,.png,.gif,.pdf,.doc,.docx,.txt\" aria-invalid=\"false\" type=\"file\" name=\"tu-archivo1\" \/><\/span><br \/>\n<span class=\"wpcf7-form-control-wrap\" data-name=\"tu-archivo2\"><input size=\"40\" class=\"wpcf7-form-control wpcf7-file\" accept=\".jpg,.jpeg,.png,.gif,.pdf,.doc,.docx,.txt\" aria-invalid=\"false\" type=\"file\" name=\"tu-archivo2\" \/><\/span><br \/>\n<span class=\"wpcf7-form-control-wrap\" data-name=\"tu-archivo3\"><input size=\"40\" class=\"wpcf7-form-control wpcf7-file\" accept=\".jpg,.jpeg,.png,.gif,.pdf,.doc,.docx,.txt\" aria-invalid=\"false\" type=\"file\" name=\"tu-archivo3\" \/><\/span><br \/>\n<span class=\"wpcf7-form-control-wrap\" data-name=\"tu-archivo4\"><input size=\"40\" class=\"wpcf7-form-control wpcf7-file\" accept=\".jpg,.jpeg,.png,.gif,.pdf,.doc,.docx,.txt\" aria-invalid=\"false\" type=\"file\" name=\"tu-archivo4\" \/><\/span><br \/>\n<span class=\"wpcf7-form-control-wrap\" data-name=\"tu-archivo5\"><input size=\"40\" class=\"wpcf7-form-control wpcf7-file\" accept=\".jpg,.jpeg,.png,.gif,.pdf,.doc,.docx,.txt\" aria-invalid=\"false\" type=\"file\" name=\"tu-archivo5\" \/><\/span><br \/>\n<\/label>\n<\/p>\n<p>(*) Los campos son obligatorios.\n<\/p>\n\n<p><input class=\"wpcf7-form-control has-spinner wpcf7-submit\" type=\"submit\" value=\"Enviar\" \/>\n<\/p><p style=\"display: none !important;\"><label>&#916;<textarea name=\"_wpcf7_ak_hp_textarea\" cols=\"45\" rows=\"8\" maxlength=\"100\"><\/textarea><\/label><input type=\"hidden\" id=\"ak_js_2\" name=\"_wpcf7_ak_js\" value=\"8\"\/><script>document.getElementById( \"ak_js_2\" ).setAttribute( \"value\", ( new Date() ).getTime() );<\/script><\/p><div class=\"wpcf7-response-output\" aria-hidden=\"true\"><\/div>\n<\/form>\n<\/div>\n<\/div>\n\n\n\n<p><a href=\"#principio\">Volver arriba<\/a><\/p>\n","protected":false},"excerpt":{"rendered":"<p>Comun\u00edquese con nosotros Personalmente: En Chacabuco 315 (El mismo edificio donde funciona por la ma\u00f1ana y tarde la Escuela 6031). &nbsp; 03382-420410 (en el horario del Instituto) &nbsp; isp19.comunidad@gmail.com &nbsp; InstitutodiecinueveRufinoSantafe &nbsp; Institutosuperior19 Formularios de contacto: Formulario de Preinscripci\u00f3n a 1\u00ba a\u00f1o El periodo de inscripci\u00f3n para comenzar los estudios en 2026 (1\u00ba a\u00f1o de &#8230; <a title=\"CONTACTO\" class=\"read-more\" href=\"https:\/\/isp19-sfe.infd.edu.ar\/sitio\/contacto\/\" aria-label=\"More on CONTACTO\">[+]<\/a><\/p>\n","protected":false},"author":1,"featured_media":0,"parent":0,"menu_order":0,"comment_status":"closed","ping_status":"closed","template":"","meta":[],"acf":[],"_links":{"self":[{"href":"https:\/\/isp19-sfe.infd.edu.ar\/sitio\/wp-json\/wp\/v2\/pages\/318"}],"collection":[{"href":"https:\/\/isp19-sfe.infd.edu.ar\/sitio\/wp-json\/wp\/v2\/pages"}],"about":[{"href":"https:\/\/isp19-sfe.infd.edu.ar\/sitio\/wp-json\/wp\/v2\/types\/page"}],"author":[{"embeddable":true,"href":"https:\/\/isp19-sfe.infd.edu.ar\/sitio\/wp-json\/wp\/v2\/users\/1"}],"replies":[{"embeddable":true,"href":"https:\/\/isp19-sfe.infd.edu.ar\/sitio\/wp-json\/wp\/v2\/comments?post=318"}],"version-history":[{"count":31,"href":"https:\/\/isp19-sfe.infd.edu.ar\/sitio\/wp-json\/wp\/v2\/pages\/318\/revisions"}],"predecessor-version":[{"id":2069,"href":"https:\/\/isp19-sfe.infd.edu.ar\/sitio\/wp-json\/wp\/v2\/pages\/318\/revisions\/2069"}],"wp:attachment":[{"href":"https:\/\/isp19-sfe.infd.edu.ar\/sitio\/wp-json\/wp\/v2\/media?parent=318"}],"curies":[{"name":"wp","href":"https:\/\/api.w.org\/{rel}","templated":true}]}}